{"id":9,"date":"2014-03-30T15:14:39","date_gmt":"2014-03-30T13:14:39","guid":{"rendered":"http:\/\/www.autohaus-luenemann.de\/?page_id=9"},"modified":"2025-09-06T15:41:33","modified_gmt":"2025-09-06T13:41:33","slug":"unternehmen","status":"publish","type":"page","link":"https:\/\/www.pizza-niederwenigern.de\/?page_id=9","title":{"rendered":"\u00dcber Peppino"},"content":{"rendered":"<p data-start=\"211\" data-end=\"309\">Willkommen bei der <strong>Pizzeria Peppino<\/strong> \u2013 Ihrer Pizzeria im Herzen von Hattingen-Niederwenigern!<\/p>\n<p data-start=\"311\" data-end=\"686\">Seit unserer Er\u00f6ffnung steht bei uns eines im Mittelpunkt: <strong data-start=\"370\" data-end=\"411\">echter Geschmack und frische Qualit\u00e4t<\/strong>. Mit viel Liebe zum Detail bereiten wir unsere Pizzen, Pastagerichte und Spezialit\u00e4ten t\u00e4glich frisch f\u00fcr Sie zu. Dabei verwenden wir ausschlie\u00dflich ausgew\u00e4hlte Zutaten, knackiges Gem\u00fcse, aromatische Kr\u00e4uter und beste Teige, damit jede Mahlzeit zu einem Genussmoment wird.<\/p>\n<p data-start=\"688\" data-end=\"965\">Unser Ziel ist es, unseren G\u00e4sten nicht nur leckeres Essen, sondern auch ein St\u00fcck italienische Lebensfreude n\u00e4herzubringen. Ob gem\u00fctlich vor Ort, zum Mitnehmen oder bequem per Lieferservice \u2013 wir m\u00f6chten, dass Sie sich rundum wohlf\u00fchlen und immer wieder gerne zu uns kommen.<\/p>\n<p data-start=\"967\" data-end=\"1041\"><strong data-start=\"967\" data-end=\"1039\">Pizzeria Peppino \u2013 frisch, lecker, direkt aus dem Ofen zu Ihnen!<\/strong><\/p>\n","protected":false},"excerpt":{"rendered":"<p>Willkommen bei der Pizzeria Peppino \u2013 Ihrer Pizzeria im Herzen von Hattingen-Niederwenigern! Seit unserer Er\u00f6ffnung steht bei uns eines im Mittelpunkt: echter Geschmack und frische Qualit\u00e4t. Mit viel Liebe zum Detail bereiten wir unsere Pizzen, Pastagerichte und Spezialit\u00e4ten t\u00e4glich frisch f\u00fcr Sie zu. Dabei verwenden wir ausschlie\u00dflich ausgew\u00e4hlte Zutaten, knackiges Gem\u00fcse, aromatische Kr\u00e4uter und beste Teige, damit jede Mahlzeit zu einem Genussmoment wird. Unser Ziel ist es, unseren G\u00e4sten nicht nur leckeres Essen, sondern auch ein St\u00fcck italienische Lebensfreude n\u00e4herzubringen. Ob gem\u00fctlich vor Ort, zum Mitnehmen oder bequem per Lieferservice \u2013 wir m\u00f6chten, dass Sie sich rundum wohlf\u00fchlen und immer wieder gerne zu uns kommen. Pizzeria Peppino \u2013 frisch, lecker, direkt aus dem Ofen zu Ihnen!<\/p>\n","protected":false},"author":2,"featured_media":0,"parent":0,"menu_order":0,"comment_status":"open","ping_status":"closed","template":"","meta":{"footnotes":""},"class_list":["post-9","page","type-page","status-publish","hentry"],"_links":{"self":[{"href":"https:\/\/www.pizza-niederwenigern.de\/index.php?rest_route=\/wp\/v2\/pages\/9","targetHints":{"allow":["GET"]}}],"collection":[{"href":"https:\/\/www.pizza-niederwenigern.de\/index.php?rest_route=\/wp\/v2\/pages"}],"about":[{"href":"https:\/\/www.pizza-niederwenigern.de\/index.php?rest_route=\/wp\/v2\/types\/page"}],"author":[{"embeddable":true,"href":"https:\/\/www.pizza-niederwenigern.de\/index.php?rest_route=\/wp\/v2\/users\/2"}],"replies":[{"embeddable":true,"href":"https:\/\/www.pizza-niederwenigern.de\/index.php?rest_route=%2Fwp%2Fv2%2Fcomments&post=9"}],"version-history":[{"count":5,"href":"https:\/\/www.pizza-niederwenigern.de\/index.php?rest_route=\/wp\/v2\/pages\/9\/revisions"}],"predecessor-version":[{"id":655,"href":"https:\/\/www.pizza-niederwenigern.de\/index.php?rest_route=\/wp\/v2\/pages\/9\/revisions\/655"}],"wp:attachment":[{"href":"https:\/\/www.pizza-niederwenigern.de\/index.php?rest_route=%2Fwp%2Fv2%2Fmedia&parent=9"}],"curies":[{"name":"wp","href":"https:\/\/api.w.org\/{rel}","templated":true}]}}